 highest common factor of 3 and q.
3
Let u(j) = -3*j**2 - 2*j + 1. Let f be u(-3). Let i be (-6 - 3 - -2)*f. Calculate the greatest common divisor of 20 and i.
20
Let l be (7 + (-1)/1)/1. Let n be l/33 + 1778/22. What is the highest common divisor of 9 and n?
9
Suppose 2*m = -4*t + 185 - 41, 4*m - 2*t - 308 = 0. What is the highest common factor of 114 and m?
38
Suppose -3 = 3*q - 6. Suppose -j = -4 - q. Suppose -j*l = -2*l - 3. Calculate the highest common factor of l and 1.
1
Suppose -5*k = -10 - 0. Suppose 7*y = k*y + 360. Calculate the greatest common factor of 9 and y.
9
Let c be (-21)/(-4)*(2 - -2). Let b(t) = -2*t - 11. Let q be b(-9). What is the greatest common divisor of c and q?
7
Suppose 6 = m + m. Suppose 3*z = t - m, -3*t + 6*z - 2*z + 19 = 0. What is the highest common factor of 72 and t?
9
Let s be (-164)/(-10) + (-2 - 8/(-5)). Calculate the highest common factor of s and 4.
4
Suppose -2*y + 132 = 42. What is the highest common divisor of y and 30?
15
Suppose i = -2*r + 102, -3*i + 447 = i - 5*r. Calculate the greatest common divisor of i and 24.
12
Suppose y - 19 - 21 = 0. Suppose -3*p + 4 = -3*k + 31, -3*p - 23 = -2*k. Let z be 33/7 + k/14. What is the highest common factor of y and z?
5
Let l be ((-63)/1)/1*-1. Let r(n) = -n**3 - n**2 - n + 3. Let b be r(0). Suppose -y = -w - 10 + 3, y = b*w + 7. What is the highest common divisor of y and l?
7
Let x be (-2)/(-8) - 57/4. Let v be 7/x*(1 - 21). Calculate the greatest common divisor of 5 and v.
5
Let s be (-258)/(-21) - 2/7. Let r(q) = -2*q + 52. Let m be r(-22). Calculate the greatest common factor of s and m.
12
Let u(g) = 2*g**3 - 3*g**2 + 3*g - 1. Let t be u(2). What is the highest common factor of 81 and t?
9
Let j be (-46)/(-14) - (-2)/(-7). Suppose -32 - 28 = -j*t. What is the highest common divisor of t and 10?
10
Suppose -54 = -5*j + 2*j + 3*m, -3*j + 89 = 4*m. Calculate the greatest common divisor of 23 and j.
23
Let m = 40 + -27. Let l be 196/3 + 1/(-3). Calculate the greatest common factor of l and m.
13
Let b(q) = -q + 10. Let c be b(7). Suppose -4*s - 8 = 0, 4*j - 7*s - 60 = -c*s. Suppose -38 + 389 = 3*l. Calculate the greatest common factor of j and l.
13
Suppose 0 = -5*d - 36 - 14. Let q = 19 + d. What is the greatest common factor of 45 and q?
9
Let w = 322 - 138. Calculate the highest common divisor of w and 8.
8
Suppose -1 + 11 = 2*f. Let j = f + -2. Suppose t - 84 = 4*l, 5*t = -8*l + j*l + 295. Calculate the greatest common factor of 8 and t.
8
Let o(s) = s + 2*s + s**2 - 3*s + 3 - 6*s. Let u be o(7). What is the greatest common factor of 80 and u?
10
Let t be ((-50)/(-4))/(14/28). Suppose -2*m + 5*m = 4*h + 64, 5*h = m - t. Calculate the greatest common divisor of m and 60.
20
Suppose -3*o - 3*s - 121 = 2, o = 3*s - 21. Let d = o + 55. What is the greatest common divisor of 19 and d?
19
Let d = -29 - -4. Let j = d + 41. What is the highest common divisor of j and 8?
8
Let b(s) = -12*s**3 - 1. Let a be b(-1). Let q = -31 - -62. Let v = q - a. What is the highest common factor of v and 60?
20
Suppose 4*w = 3*w. Let c = 3 + w. Let h be (-29)/(-3) - (-1)/c. What is the highest common divisor of 110 and h?
10
Suppose -9*y - 6*y + 15 = 0. Suppose 5*u = -15, 3*u - 5 = n - 21. Calculate the greatest common divisor of y and n.
1
Let a be 1/(1 + (-4)/6). Suppose -6*x = -a*x - 525. What is the greatest common factor of x and 25?
25
Suppose -5*n = -5*c - n + 12, -4*n - 12 = -4*c. Suppose w + w - 28 = c. What is the highest common divisor of w and 28?
14
Let d = -72 + 120. Suppose 5*i - 158 = -d. What is the greatest common factor of 11 and i?
11
Suppose 11 = f + 4*j, -2*f = 5*j - 7 - 9. Let t be (-44)/(15/6 - f). Let p = -6 - -14. Calculate the greatest common factor of p and t.
8
Let b be (26/(-6))/(5/(-90)). Suppose s - 2*s + x = -b, -s + 84 = x. Suppose v = -4*v + 45. Calculate the highest common factor of s and v.
9
Suppose -6 = -20*w + 17*w. Calculate the highest common divisor of 3 and w.
1
Let g be 10/40 - 198/(-8). What is the highest common factor of 10 and g?
5
Suppose -t = -4*y + 4*t + 207, 5*y = 4*t + 252. Calculate the greatest common factor of y and 84.
12
Let r(i) = -i**2 - 22*i - 1. Let k be r(-11). Calculate the greatest common divisor of 15 and k.
15
Let d(y) = y**3 + 7*y**2 - 12*y - 5. Suppose 4*n + 32 = -x, 4*n + 3*x = 4*x - 32. Let t be d(n). Calculate the greatest common divisor of 9 and t.
9
Let u(b) = 8*b**2 - b + 2. Let z be u(-3). What is the greatest common factor of z and 11?
11
Let h(r) = r + 22. Let a be h(-12). Calculate the greatest common factor of 4 and a.
2
Let p be ((-2)/(-4)*0)/(-2). Suppose p*o - 5*t = 4*o - 25, 2*t = -6. What is the highest common factor of o and 90?
10
Suppose -3*h = 12, 7*h - 6*h - 86 = -3*t. What is the highest common divisor of t and 180?
30
Suppose 4*u - 55 = -b, 2*u - 26 = -3*b + b. Let d be ((-24)/7)/((-2)/u). Let v = d + -10. What is the greatest common factor of 56 and v?
14
Let z be (-2)/(-4) + (-6)/(-4). Suppose z*k - 36 = 3*w, k - 11 = w + 7. Calculate the highest common factor of 9 and k.
9
Let s(w) = 11*w**2 + 12*w + 4. Let d be s(-10). Let p be (-2)/(-6) + d/18. What is the highest common factor of 22 and p?
11
Let j = -2 + 6. Suppose 0 = -3*f - h + 25, j*f - 86 = 5*h - 21. What is the greatest common factor of f and 5?
5
Let j be 1 - 0 - -7*1. Suppose -5*r + 0*r = 0. Suppose -2*f = -r*f - 8, 5*t = -f + 44. What is the greatest common factor of j and t?
8
Let p(o) = 3*o - 11. Let c be p(10). Calculate the highest common factor of 38 and c.
19
Suppose -85 = -4*d + 3*j, -3*d = 4*j - 59 - 11. Calculate the greatest common divisor of 220 and d.
22
Suppose 5*g + 21 = 2*g. Let p = 9 + g. Calculate the highest common factor of 2 and p.
2
Let q(m) = -11*m + 1. Let u be q(-1). Calculate the highest common factor of 18 and u.
6
Let v(b) = -b**3 - 2*b**2 - b + 1. Let h be v(-2). Suppose -h*a + 12 = -9. Let j = 10 - -18. What is the highest common divisor of a and j?
7
Suppose 321 + 359 = 4*y. Suppose 4*u - 34 = -h, -5*h - u + y = 3*u. What is the highest common factor of 85 and h?
17
Let m = 917 + -620. What is the greatest common divisor of 27 and m?
27
Let m be 7 - 3/((-6)/(-4)). Let v = -10 + m. Let u(r) = -r**3 - 3*r**2 + 2*r. Let s be u(v). Calculate the highest common factor of s and 8.
8
Suppose 4*y = 5*n + 27, -2*y - 4*n - 12 = -4*y. Calculate the greatest common factor of 56 and y.
8
Suppose -3*o - 2*g = -122, 75 = 4*o - 2*o - 5*g. Let h be (-2 - 1)*o/(-6). Calculate the highest common factor of 10 and h.
10
Suppose 0 = -v - y - 1, 2*v + 3*y = -0*v. Let s be (-15)/v*1/1. Let d be -2 + 4*6/8. What is the highest common divisor of s and d?
1
Let m be 1 + (-471)/(-3) + -4. What is the greatest common factor of m and 14?
14
Suppose -2*z - m = -9, -5*z + 4*m + 23 - 7 = 0. Calculate the greatest common divisor of 32 and z.
4
Let g(m) = m**2 - 5*m - 5. Let w be g(8). Suppose 4*v - 81 - 67 = -4*i, -i = -5*v - w. What is the highest common divisor of 17 and i?
17
Let v(k) = k**2 - 8*k + 14. Let t be v(7). What is the greatest common divisor of 49 and t?
7
Suppose 2*t + 1 = 21. What is the greatest common divisor of 50 and t?
10
Suppose u = -0*u + 26. Let h(f) = -32*f + 3 + 2 - 4. Let o be h(-2). What is the highest common factor of u and o?
13
Let b = -17 + 30. What is the highest common divisor of b and 117?
13
Let m be 1*3/4*4. Calculate the greatest common divisor of 3 and m.
3
Let z(p) = -p + 13. Let r be z(8). Suppose -j - 1 = -3. Suppose -u - j*u = w - 74, -u - 2*w = -23. What is the highest common factor of u and r?
5
Suppose -b + 5 = 3*b - 3*p, 0 = 2*p + 6. Let c be b/1 + 1 - -8. Calculate the highest common divisor of c and 56.
8
Let t(p) = 31*p**2 + 3*p - 2. Let y be t(1). Suppose y = 2*r + 2*r. Calculate the highest common factor of r and 24.
8
Suppose 3*p - 4*p = -15. Suppose 246 = 6*h + 66. Calculate the greatest common divisor of h and p.
15
Let i(w) = w**2 + 13*w + 4. Let z be i(-12). Let h(r) = 3*r - 2. Let t be h(3). Let l = t - z. Calculate the highest common factor of 120 and l.
15
Suppose -159 = -0*o - o. Suppose -4*i + 5*i = -5*y - 63, 3*i = -5*y - o. Let p = i - -69. What is the greatest common divisor of p and 7?
7
Suppose -4*l = -238 - 50. Let p be (-2)/7 - (-328)/(-28). Let j = 2